{"id":20924,"date":"2025-09-26T13:16:54","date_gmt":"2025-09-26T11:16:54","guid":{"rendered":"https:\/\/cagliaricalcio.com\/giocatore\/semih-kilicsoy\/"},"modified":"2025-12-09T14:18:50","modified_gmt":"2025-12-09T13:18:50","slug":"semih-kilicsoy","status":"publish","type":"giocatore","link":"https:\/\/cagliaricalcio.com\/en\/player\/semih-kilicsoy\/","title":{"rendered":"Semih Kili\u00e7soy"},"content":{"rendered":"\n<p>Born in Istanbul on August 15, 2005, he grew up in the Be\u015fikta\u015f youth academy, where he immediately demonstrated his talent and great potential. Top scorer in the 2023-24 Under-19 championship, he scored 42 goals in 64 games in three seasons. Thanks to his performances, he soon entered the orbit of the first team. He was only 17 when he made his debut in the S\u00fcper Lig, the top division of the Turkish league, in a goalless draw against Antalyaspor. A few months later, on July 27, 2023, he scored his first goal, the final 3-1, in the victory against Tirana in the Conference League preliminaries. On January 9, 2024, he scored his first brace in a 4-0 league win over Caykur Rizespor; he repeated the feat a month later with two even more important goals that helped beat Turkish league giants Trabzonspor. He left Be\u015fikta\u015f after making 87 appearances, scoring 16 goals and providing nine assists. He won the 2023-24 Turkish Cup and the 2024-25 National Super Cup.<br\/>A key player for the youth national teams, with whom he has scored 26 goals in 33 games to date, he has come up through the ranks from the Under-14s to the Under-21s, becoming captain of the latter.<br\/>The coach of the senior national team, Vincenzo Montella, gave him his debut on June 4, 2024, in a friendly match against Italy in Bologna. He participated in the 2024 European Championships in Germany, playing in the quarter-final match against the Netherlands. <br\/>K\u0131l\u0131\u00e7soy can play in all positions in the forward line: center forward, second striker, or winger. Fast, agile, and quick in tight spaces, with excellent ball control, he is very skilled at beating his man and then either passing to a teammate or going straight for goal.          <\/p>\n","protected":false},"featured_media":19521,"template":"","ruolo":[313],"class_list":["post-20924","giocatore","type-giocatore","status-publish","has-post-thumbnail","hentry","ruolo-forward"],"acf":[],"yoast_head":"<!-- This site is optimized with the Yoast SEO plugin v25.3.1 - https:\/\/yoast.com\/wordpress\/plugins\/seo\/ -->\n<title>Semih Kili\u00e7soy - Cagliari<\/title>\n<meta name=\"robots\" content=\"index, follow, max-snippet:-1, max-image-preview:large, max-video-preview:-1\" \/>\n<link rel=\"canonical\" href=\"https:\/\/cagliaricalcio.com\/en\/player\/semih-kilicsoy\/\" \/>\n<meta property=\"og:locale\" content=\"en_US\" \/>\n<meta property=\"og:type\" content=\"article\" \/>\n<meta property=\"og:title\" content=\"Semih Kili\u00e7soy - Cagliari\" \/>\n<meta property=\"og:description\" content=\"Born in Istanbul on August 15, 2005, he grew up in the Be\u015fikta\u015f youth academy, where he immediately demonstrated his talent and great potential. Top scorer in the 2023-24 Under-19 championship, he scored 42 goals in 64 games in three seasons. Thanks to his performances, he soon entered the orbit of the first team. He [&hellip;]\" \/>\n<meta property=\"og:url\" content=\"https:\/\/cagliaricalcio.com\/en\/player\/semih-kilicsoy\/\" \/>\n<meta property=\"og:site_name\" content=\"Cagliari\" \/>\n<meta property=\"article:modified_time\" content=\"2025-12-09T13:18:50+00:00\" \/>\n<meta property=\"og:image\" content=\"https:\/\/cagliaricalcio.com\/wp-content\/uploads\/2025\/09\/KILICSOY-STATICA-HOME-copia-1.webp\" \/>\n\t<meta property=\"og:image:width\" content=\"1600\" \/>\n\t<meta property=\"og:image:height\" content=\"1994\" \/>\n\t<meta property=\"og:image:type\" content=\"image\/webp\" \/>\n<meta name=\"twitter:card\" content=\"summary_large_image\" \/>\n<meta name=\"twitter:label1\" content=\"Est. reading time\" \/>\n\t<meta name=\"twitter:data1\" content=\"1 minute\" \/>\n<script type=\"application\/ld+json\" class=\"yoast-schema-graph\">{\"@context\":\"https:\/\/schema.org\",\"@graph\":[{\"@type\":\"WebPage\",\"@id\":\"https:\/\/cagliaricalcio.com\/en\/player\/semih-kilicsoy\/\",\"url\":\"https:\/\/cagliaricalcio.com\/en\/player\/semih-kilicsoy\/\",\"name\":\"Semih Kili\u00e7soy - Cagliari\",\"isPartOf\":{\"@id\":\"https:\/\/cagliaricalcio.com\/en\/#website\"},\"primaryImageOfPage\":{\"@id\":\"https:\/\/cagliaricalcio.com\/en\/player\/semih-kilicsoy\/#primaryimage\"},\"image\":{\"@id\":\"https:\/\/cagliaricalcio.com\/en\/player\/semih-kilicsoy\/#primaryimage\"},\"thumbnailUrl\":\"https:\/\/cagliaricalcio.com\/wp-content\/uploads\/2025\/09\/KILICSOY-STATICA-HOME-copia-1.webp\",\"datePublished\":\"2025-09-26T11:16:54+00:00\",\"dateModified\":\"2025-12-09T13:18:50+00:00\",\"breadcrumb\":{\"@id\":\"https:\/\/cagliaricalcio.com\/en\/player\/semih-kilicsoy\/#breadcrumb\"},\"inLanguage\":\"en-US\",\"potentialAction\":[{\"@type\":\"ReadAction\",\"target\":[\"https:\/\/cagliaricalcio.com\/en\/player\/semih-kilicsoy\/\"]}]},{\"@type\":\"ImageObject\",\"inLanguage\":\"en-US\",\"@id\":\"https:\/\/cagliaricalcio.com\/en\/player\/semih-kilicsoy\/#primaryimage\",\"url\":\"https:\/\/cagliaricalcio.com\/wp-content\/uploads\/2025\/09\/KILICSOY-STATICA-HOME-copia-1.webp\",\"contentUrl\":\"https:\/\/cagliaricalcio.com\/wp-content\/uploads\/2025\/09\/KILICSOY-STATICA-HOME-copia-1.webp\",\"width\":1600,\"height\":1994},{\"@type\":\"BreadcrumbList\",\"@id\":\"https:\/\/cagliaricalcio.com\/en\/player\/semih-kilicsoy\/#breadcrumb\",\"itemListElement\":[{\"@type\":\"ListItem\",\"position\":1,\"name\":\"Home\",\"item\":\"https:\/\/cagliaricalcio.com\/en\/\"},{\"@type\":\"ListItem\",\"position\":2,\"name\":\"Semih Kili\u00e7soy\"}]},{\"@type\":\"WebSite\",\"@id\":\"https:\/\/cagliaricalcio.com\/en\/#website\",\"url\":\"https:\/\/cagliaricalcio.com\/en\/\",\"name\":\"Cagliari - Il sito ufficiale del Cagliari Calcio\",\"description\":\"Il sito ufficiale del Cagliari Calcio\",\"potentialAction\":[{\"@type\":\"SearchAction\",\"target\":{\"@type\":\"EntryPoint\",\"urlTemplate\":\"https:\/\/cagliaricalcio.com\/en\/?s={search_term_string}\"},\"query-input\":{\"@type\":\"PropertyValueSpecification\",\"valueRequired\":true,\"valueName\":\"search_term_string\"}}],\"inLanguage\":\"en-US\"}]}<\/script>\n<!-- \/ Yoast SEO plugin. -->","yoast_head_json":{"title":"Semih Kili\u00e7soy - Cagliari","robots":{"index":"index","follow":"follow","max-snippet":"max-snippet:-1","max-image-preview":"max-image-preview:large","max-video-preview":"max-video-preview:-1"},"canonical":"https:\/\/cagliaricalcio.com\/en\/player\/semih-kilicsoy\/","og_locale":"en_US","og_type":"article","og_title":"Semih Kili\u00e7soy - Cagliari","og_description":"Born in Istanbul on August 15, 2005, he grew up in the Be\u015fikta\u015f youth academy, where he immediately demonstrated his talent and great potential. Top scorer in the 2023-24 Under-19 championship, he scored 42 goals in 64 games in three seasons. Thanks to his performances, he soon entered the orbit of the first team. He [&hellip;]","og_url":"https:\/\/cagliaricalcio.com\/en\/player\/semih-kilicsoy\/","og_site_name":"Cagliari","article_modified_time":"2025-12-09T13:18:50+00:00","og_image":[{"width":1600,"height":1994,"url":"https:\/\/cagliaricalcio.com\/wp-content\/uploads\/2025\/09\/KILICSOY-STATICA-HOME-copia-1.webp","type":"image\/webp"}],"twitter_card":"summary_large_image","twitter_misc":{"Est. reading time":"1 minute"},"schema":{"@context":"https:\/\/schema.org","@graph":[{"@type":"WebPage","@id":"https:\/\/cagliaricalcio.com\/en\/player\/semih-kilicsoy\/","url":"https:\/\/cagliaricalcio.com\/en\/player\/semih-kilicsoy\/","name":"Semih Kili\u00e7soy - Cagliari","isPartOf":{"@id":"https:\/\/cagliaricalcio.com\/en\/#website"},"primaryImageOfPage":{"@id":"https:\/\/cagliaricalcio.com\/en\/player\/semih-kilicsoy\/#primaryimage"},"image":{"@id":"https:\/\/cagliaricalcio.com\/en\/player\/semih-kilicsoy\/#primaryimage"},"thumbnailUrl":"https:\/\/cagliaricalcio.com\/wp-content\/uploads\/2025\/09\/KILICSOY-STATICA-HOME-copia-1.webp","datePublished":"2025-09-26T11:16:54+00:00","dateModified":"2025-12-09T13:18:50+00:00","breadcrumb":{"@id":"https:\/\/cagliaricalcio.com\/en\/player\/semih-kilicsoy\/#breadcrumb"},"inLanguage":"en-US","potentialAction":[{"@type":"ReadAction","target":["https:\/\/cagliaricalcio.com\/en\/player\/semih-kilicsoy\/"]}]},{"@type":"ImageObject","inLanguage":"en-US","@id":"https:\/\/cagliaricalcio.com\/en\/player\/semih-kilicsoy\/#primaryimage","url":"https:\/\/cagliaricalcio.com\/wp-content\/uploads\/2025\/09\/KILICSOY-STATICA-HOME-copia-1.webp","contentUrl":"https:\/\/cagliaricalcio.com\/wp-content\/uploads\/2025\/09\/KILICSOY-STATICA-HOME-copia-1.webp","width":1600,"height":1994},{"@type":"BreadcrumbList","@id":"https:\/\/cagliaricalcio.com\/en\/player\/semih-kilicsoy\/#breadcrumb","itemListElement":[{"@type":"ListItem","position":1,"name":"Home","item":"https:\/\/cagliaricalcio.com\/en\/"},{"@type":"ListItem","position":2,"name":"Semih Kili\u00e7soy"}]},{"@type":"WebSite","@id":"https:\/\/cagliaricalcio.com\/en\/#website","url":"https:\/\/cagliaricalcio.com\/en\/","name":"Cagliari - Il sito ufficiale del Cagliari Calcio","description":"Il sito ufficiale del Cagliari Calcio","potentialAction":[{"@type":"SearchAction","target":{"@type":"EntryPoint","urlTemplate":"https:\/\/cagliaricalcio.com\/en\/?s={search_term_string}"},"query-input":{"@type":"PropertyValueSpecification","valueRequired":true,"valueName":"search_term_string"}}],"inLanguage":"en-US"}]}},"_links":{"self":[{"href":"https:\/\/cagliaricalcio.com\/en\/wp-json\/wp\/v2\/giocatore\/20924","targetHints":{"allow":["GET"]}}],"collection":[{"href":"https:\/\/cagliaricalcio.com\/en\/wp-json\/wp\/v2\/giocatore"}],"about":[{"href":"https:\/\/cagliaricalcio.com\/en\/wp-json\/wp\/v2\/types\/giocatore"}],"wp:featuredmedia":[{"embeddable":true,"href":"https:\/\/cagliaricalcio.com\/en\/wp-json\/wp\/v2\/media\/19521"}],"wp:attachment":[{"href":"https:\/\/cagliaricalcio.com\/en\/wp-json\/wp\/v2\/media?parent=20924"}],"wp:term":[{"taxonomy":"ruolo","embeddable":true,"href":"https:\/\/cagliaricalcio.com\/en\/wp-json\/wp\/v2\/ruolo?post=20924"}],"curies":[{"name":"wp","href":"https:\/\/api.w.org\/{rel}","templated":true}]}}

Semih Kiliçsoy

<p>Born in Istanbul on August 15, 2005, he grew up in the Beşiktaş youth academy, where he immediately demonstrated his talent and great potential. Top scorer in the 2023-24 Under-19 championship, he scored 42 goals in 64 games in three seasons. Thanks to his performances, he soon entered the orbit of the first team. He was only 17 when he made his debut in the Süper Lig, the top division of the Turkish league, in a goalless draw against Antalyaspor. A few months later, on July 27, 2023, he scored his first goal, the final 3-1, in the victory against Tirana in the Conference League preliminaries. On January 9, 2024, he scored his first brace in a 4-0 league win over Caykur Rizespor; he repeated the feat a month later with two even more important goals that helped beat Turkish league giants Trabzonspor. He left Beşiktaş after making 87 appearances, scoring 16 goals and providing nine assists. He won the 2023-24 Turkish Cup and the 2024-25 National Super Cup.<br/>A key player for the youth national teams, with whom he has scored 26 goals in 33 games to date, he has come up through the ranks from the Under-14s to the Under-21s, becoming captain of the latter.<br/>The coach of the senior national team, Vincenzo Montella, gave him his debut on June 4, 2024, in a friendly match against Italy in Bologna. He participated in the 2024 European Championships in Germany, playing in the quarter-final match against the Netherlands. <br/>Kılıçsoy can play in all positions in the forward line: center forward, second striker, or winger. Fast, agile, and quick in tight spaces, with excellent ball control, he is very skilled at beating his man and then either passing to a teammate or going straight for goal.          </p>

<!-- This site is optimized with the Yoast SEO plugin v25.3.1 - https://yoast.com/wordpress/plugins/seo/ -->
<title>Semih Kiliçsoy - Cagliari</title>
<meta name="robots" content="index, follow, max-snippet:-1, max-image-preview:large, max-video-preview:-1" />
<link rel="canonical" href="https://cagliaricalcio.com/en/player/semih-kilicsoy/" />
<meta property="og:locale" content="en_US" />
<meta property="og:type" content="article" />
<meta property="og:title" content="Semih Kiliçsoy - Cagliari" />
<meta property="og:description" content="Born in Istanbul on August 15, 2005, he grew up in the Beşiktaş youth academy, where he immediately demonstrated his talent and great potential. Top scorer in the 2023-24 Under-19 championship, he scored 42 goals in 64 games in three seasons. Thanks to his performances, he soon entered the orbit of the first team. He [&hellip;]" />
<meta property="og:url" content="https://cagliaricalcio.com/en/player/semih-kilicsoy/" />
<meta property="og:site_name" content="Cagliari" />
<meta property="article:modified_time" content="2025-12-09T13:18:50+00:00" />
<meta property="og:image" content="https://cagliaricalcio.com/wp-content/uploads/2025/09/KILICSOY-STATICA-HOME-copia-1.webp" />
	<meta property="og:image:width" content="1600" />
	<meta property="og:image:height" content="1994" />
	<meta property="og:image:type" content="image/webp" />
<meta name="twitter:card" content="summary_large_image" />
<meta name="twitter:label1" content="Est. reading time" />
	<meta name="twitter:data1" content="1 minute" />
<script type="application/ld+json" class="yoast-schema-graph">{"@context":"https://schema.org","@graph":[{"@type":"WebPage","@id":"https://cagliaricalcio.com/en/player/semih-kilicsoy/","url":"https://cagliaricalcio.com/en/player/semih-kilicsoy/","name":"Semih Kiliçsoy - Cagliari","isPartOf":{"@id":"https://cagliaricalcio.com/en/#website"},"primaryImageOfPage":{"@id":"https://cagliaricalcio.com/en/player/semih-kilicsoy/#primaryimage"},"image":{"@id":"https://cagliaricalcio.com/en/player/semih-kilicsoy/#primaryimage"},"thumbnailUrl":"https://cagliaricalcio.com/wp-content/uploads/2025/09/KILICSOY-STATICA-HOME-copia-1.webp","datePublished":"2025-09-26T11:16:54+00:00","dateModified":"2025-12-09T13:18:50+00:00","breadcrumb":{"@id":"https://cagliaricalcio.com/en/player/semih-kilicsoy/#breadcrumb"},"inLanguage":"en-US","potentialAction":[{"@type":"ReadAction","target":["https://cagliaricalcio.com/en/player/semih-kilicsoy/"]}]},{"@type":"ImageObject","inLanguage":"en-US","@id":"https://cagliaricalcio.com/en/player/semih-kilicsoy/#primaryimage","url":"https://cagliaricalcio.com/wp-content/uploads/2025/09/KILICSOY-STATICA-HOME-copia-1.webp","contentUrl":"https://cagliaricalcio.com/wp-content/uploads/2025/09/KILICSOY-STATICA-HOME-copia-1.webp","width":1600,"height":1994},{"@type":"BreadcrumbList","@id":"https://cagliaricalcio.com/en/player/semih-kilicsoy/#breadcrumb","itemListElement":[{"@type":"ListItem","position":1,"name":"Home","item":"https://cagliaricalcio.com/en/"},{"@type":"ListItem","position":2,"name":"Semih Kiliçsoy"}]},{"@type":"WebSite","@id":"https://cagliaricalcio.com/en/#website","url":"https://cagliaricalcio.com/en/","name":"Cagliari - Il sito ufficiale del Cagliari Calcio","description":"Il sito ufficiale del Cagliari Calcio","potentialAction":[{"@type":"SearchAction","target":{"@type":"EntryPoint","urlTemplate":"https://cagliaricalcio.com/en/?s={search_term_string}"},"query-input":{"@type":"PropertyValueSpecification","valueRequired":true,"valueName":"search_term_string"}}],"inLanguage":"en-US"}]}</script>
<!-- / Yoast SEO plugin. -->

Semih Kiliçsoy - Cagliari

Born in Istanbul on August 15, 2005, he grew up in the Beşiktaş youth academy, where he immediately demonstrated his talent and great potential. Top scorer in the 2023-24 Under-19 championship, he scored 42 goals in 64 games in three seasons. Thanks to his performances, he soon entered the orbit of the first team. He [&hellip;]
